 5*o**3 - 6*o**2 - 3*o + 9. Let a(p) = -4*p**3 + 6*p**2 + 2*p - 8. Let r(b) = w*a(b) + 3*u(b). Calculate r(6).
-11
Suppose -4*y = -7 - 1. Let r(x) = -2*x**2 + 2*x - 8. Let k(g) = -1. Let n(z) = 5*k(z) - r(z). Let w(o) be the first derivative of n(o). Determine w(y).
6
Let q(m) = -8*m**2 + 9*m. Let j(x) = x + 9. Let f be j(-7). Suppose -f*b = -7*b + 20. Let d(h) = -3*h**2 + 3*h. Let k(w) = b*q(w) - 11*d(w). Calculate k(-3).
0
Let o(r) be the third derivative of 0*r + 2*r**2 - r**3 + 0 + 1/60*r**5 - 1/8*r**4. Let y(c) = -c**3 - 9*c**2 - 2*c - 13. Let v be y(-9). What is o(v)?
4
Let m = -20/17 - -417/340. Let v(b) be the second derivative of 2/3*b**3 - m*b**5 + 0 + 1/6*b**4 - b - b**2. Determine v(3).
1
Let j = -6 + 10. Suppose 0 = 5*f - o + 2, 3 = -f + j*o - 5. Let c(u) = 5*u + u**2 - 4*u + 4*u**3 + f - 1. What is c(1)?
5
Let d = 18 + -12. Suppose 3 = 3*b - d. Let g(l) = 5 - l**2 + l - b*l - l. Calculate g(-4).
1
Let c(q) = -5*q**2 + q + 7. Suppose 2*o = 6 - 16. Let r(k) = -4*k**2 + 2*k + 6. Let w(t) = o*c(t) + 6*r(t). Give w(-3).
-11
Let z(u) = -8*u - 7. Let k(m) = 7*m + 6. Let d(y) = -7*k(y) - 6*z(y). Suppose 34 = -9*g + 43. What is d(g)?
-1
Let p = -11 + 14. Let b(y) = 5*y**3 - 3*y**2 - 5*y - 1. Let m(n) = -9*n**3 + 5*n**2 + 9*n + 2. Let v(f) = -11*b(f) - 6*m(f). Give v(p).
2
Let j(c) = c**2 + 8*c + 6. Suppose 18 = i - 5*r, -r = -4*i - 5*r + 24. Let p = -13 + i. Calculate j(p).
-9
Let u(v) = 3*v + 4*v + v - 5*v - v**2. Let w be u(3). Let y(z) = z**2 - z + 3. Give y(w).
3
Suppose -8*y + 10 - 50 = 0. Let j(l) = -l - 6. Calculate j(y).
-1
Let n(j) = 0 + j - 4*j + 4*j - 1. Determine n(1).
0
Let m(a) be the third derivative of a**4/24 + a**3/6 + a**2. Suppose -2*k + 8 = 4. Let q = 7 - k. Give m(q).
6
Let b(r) be the second derivative of -r**4/12 - 11*r**3/6 - 13*r**2/2 - 13*r. Give b(-9).
5
Let s(y) be the second derivative of -y**4/12 - y**3/2 - y**2 - y. Let v = 94 + -98. What is s(v)?
-6
Let x(p) be the first derivative of -4*p**2 + p - 8. What is x(-1)?
9
Suppose -4*h - i = -9*h + 8, h + i = 4. Let v(u) = u + h*u + 0*u + 2*u + u**2. Determine v(-5).
0
Let v(w) = 3 + 0 + 3 - 5 + 5*w. Let q(t) = t**2 + 5*t + 5. Let y be q(-2). Give v(y).
-4
Let u(o) = 6*o**2 - o + 3. Let t(g) = 5*g**2 + 3. Let a(j) = 3*t(j) - 2*u(j). Determine a(-2).
11
Let q(j) = j + 8. Let s be 1/(-1*2/(-6)). Suppose -5*p + 3*c = 15, s*p + 0 = -4*c + 20. Let d = p - 0. What is q(d)?
8
Suppose 12 = -2*j + 2, 2*l - 5*j - 27 = 0. Let k(v) = 5*v**2 - v + 1. Let a be k(l). Let m = a - 2. Let y(n) = n**2 - 2*n + 3. What is y(m)?
6
Let x(c) = -c + 2. Let p(s) = s + 1. Let k(h) = -5*p(h) - x(h). Let v(n) = 5*n + 8. Let r(q) = -3*k(q) - 2*v(q). Give r(-4).
-3
Let f(x) = -x - 14. Let k be 2/((-1)/(-6)*4). Suppose -5*d + k*c - 39 = 0, -d + 9 = -2*d + c. What is f(d)?
-8
Let c(t) = -3*t**2 + 3*t - 2. Suppose 6*v - 13 + 1 = 0. Give c(v).
-8
Let j(u) = 2*u - 1. Let g(l) = l**2 + 4*l - 3. Let k(z) = 3*g(z) - 7*j(z). Let o(n) = -n**3 + 5*n**2 - 5*n + 6. Let c be o(4). What is k(c)?
6
Suppose 2*u - 4 = -2*d, 8 = 6*u - 2*u - 2*d. Let s(k) be the third derivative of 0 - 1/3*k**3 - 1/12*k**4 + 0*k - k**u. What is s(-4)?
6
Let o = -6 - -10. Let q = o + -1. Let a(g) = -g**2 - 3*g + 0*g - 6*g**q - 1 + 4*g. Give a(1).
-7
Let c(x) = x**3 - 5*x**2 + 3*x - 4. Let v(s) = -s**3 + 5*s**2 - 3*s + 3. Let d(g) = 2*c(g) + 3*v(g). What is d(4)?
5
Let i(c) = -c**3 + c**2 + c + 1. Let z(m) = 2*m - 1. Let h be z(1). Suppose 4*f - v + 4 = 0, f - 2*f + v = h. Determine i(f).
2
Let f(n) = 4*n - 1. Let o be f(-1). Let g be 12/30 - 8/o. Let r(s) = 5*s. Give r(g).
10
Let d = -22 + 26. Let y(j) = -j**2 + j. Let m(z) = -z**3 + 9*z**2 - 5*z + 1. Let l(x) = m(x) + 5*y(x). Give l(d).
1
Let d(s) = -5*s**2 - 7*s - 7. Let l(o) = 4*o**2 + 6*o + 6. Let i(v) = v**3 + 13*v**2 - 6. Let w be i(-13). Let x(j) = w*l(j) - 5*d(j). What is x(2)?
1
Let l(h) be the second derivative of h**4/12 - 7*h**3/6 + 5*h**2/2 + 11*h. Let p = -2 + 2. Let w be -2 - ((p - 6) + -1). Determine l(w).
-5
Let k(s) = s**2 - 5*s - 3. Let d be (-16)/(-64) + 15/4. Give k(d).
-7
Let u(a) = -5*a + 1 + 6*a**2 - 5 - 7*a**2 - 1. What is u(-6)?
-11
Let u(q) = -q - 7. Let r = -10 - -9. Let z be 0 - -3 - (2 - r). Determine u(z).
-7
Let u(v) = -3*v**3 - v**2 + 4*v - 3. Let i(d) = -d**3 - d**2. Let h(x) = 2*i(x) - u(x). Let o(a) = -a**3 - 7*a**2 - 5*a + 9. Let n be o(-6). Calculate h(n).
9
Let b(y) = -y**2. Let i be b(2). Suppose 4*r - 21 = 3. Let h(q) = -q**3 - 4*q + 2*q**2 - q**2 - r*q**2 - 5. What is h(i)?
-5
Let t(r) = 4 - r**2 + 0*r**2 + 143*r - 136*r. Calculate t(6).
10
Let v(z) = 5*z**3 + 5*z**2 - z + 7. Let c(d) = -6*d**3 - 5*d**2 + d - 8. Let o(j) = 6*c(j) + 7*v(j). Give o(5).
-4
Suppose 16 = 3*m + 1. Let f = m - 2. Suppose -2*s - 5*l + f = 0, -s - 2*s + 11 = l. Let n(b) = b**2 - 3*b - 4. Give n(s).
0
Let y(s) = 2*s**3 - s + 1. Let i = -1 - -8. Suppose 4*v - 4*c + i*c - 16 = 0, -c = 4*v - 16. Let t be ((-2)/v)/(1/(-2)). Calculate y(t).
2
Suppose 2*b + 10 = 4*r + r, -3*r - 2*b + 6 = 0. Let t(l) = -6*l + 3. What is t(r)?
-9
Suppose -2*w + 93 = 3*u, 2*w + 2*w - 2*u - 194 = 0. Suppose -6*n = -3*n - w. Suppose 5*z + n = 1. Let p(f) = f**3 + f**2 - 5*f - 2. Give p(z).
-5
Let k(v) = 3*v - 3. Let x(h) = h - 1. Let s(c) = -4*k(c) + 11*x(c). Give s(6).
-5
Let k(z) be the third derivative of -z**6/120 + z**5/12 + z**4/3 - z**3 - 4*z**2 - 7. Determine k(6).
6
Let t(a) = -a**2 + 6*a - 4. Let y(j) = j**2 + 11*j - 18. Let x be y(-13). Suppose 4*b = -3*i + 31, b - 37 = -5*i - x. Give t(i).
1
Let p(i) = -3*i - 3*i + 7*i. Let m = 0 + -2. Determine p(m).
-2
Suppose -6 = c - 11. Suppose 3*n - c = 1. Let g(l) = -l**3 + 2*l**2 - 3*l. What is g(n)?
-6
Let y be (-1)/2*(3 - 28/7). Let i(g) be the first derivative of 3 + y*g**2 + g. Give i(0).
1
Let i(u) be the first derivative of -u**6/120 - u**5/20 + u**4/6 - 5*u**3/6 - u**2 - 1. Let y(q) be the second derivative of i(q). Determine y(-4).
-5
Let l(b) = b. Let f be l(-3). Let y(u) be the first derivative of -3 + 2/3*u**3 + 4*u + 1/4*u**4 + 0*u**2. Determine y(f).
-5
Let i(b) = 2*b**2 - 4*b + 4. Let l be i(2). Let h(u) = -7 + 2 - u**3 - 4*u**3 + l*u**3. Determine h(0).
-5
Let d(w) = -w**2 - 5*w + 6. Let a(t) = t**2 - 6*t + 6. Let s be a(6). Suppose -z = n - 1, 5 = 3*z + n - s. Suppose -z = 2*x - x. Give d(x).
6
Let y = 8 - 6. Let g be (1/3)/((-1)/(-6)). Let r(b) = b**2 + 2*b - b - g*b**2 + y*b**2. Give r(1).
2
Let z(s) = 3*s**2 + 12*s - 11. Let f(r) = 2*r**2 + 11*r - 10. Let b(u) = -4*f(u) + 3*z(u). Suppose -91 = 4*v - 595. Let w be 2/(-8) - v/(-24). Give b(w).
-8
Let h(f) = 34 - 23 + 4*f + 2*f - 7*f. What is h(6)?
5
Let c(n) = -n**3 - 7*n**2 + 11*n + 22. Let r be c(-8). Let i(g) = 2*g - 1. Calculate i(r).
-5
Let g(j) = -j**3 - j. Let d(c) = -2*c**3 - c**2 - 4*c - 2. Let t(o) = -d(o) + 3*g(o). Let i(w) = 2*w + 8. Let u be i(-3). What is t(u)?
0
Let i(h) = -h**3 + 5*h**2 + 2*h + 3. Let s(t) = -2*t**3 + 10*t**2 + 3*t + 7. Let y(p) = -13*i(p) + 6*s(p). What is y(6)?
-9
Let k(b) be the third derivative of -7*b**5/60 - 5*b**4/12 - b**3/3 - 2*b**2. Let o(y) = y**2 + y + 1. Let h(p) = -k(p) - 6*o(p). What is h(-4)?
-4
Let x(v) = v - 1 - 3 - 2*v. Let o = 40 + -37. Determine x(o).
-7
Let u(k) = -2*k - 7. Let b be u(-6). Let f(p) = -p**2 + 3*p. Give f(b).
-10
Let z(s) be the third derivative of -s**4/3 - 2*s**2. Give z(1).
-8
Suppose -27*y + 32*y - 30 = 0. Let p(v) = v - 7. Give p(y).
-1
Let y(s) = -3*s. Let q = -11 + 9. Determine y(q).
6
Let a(j) be the third derivative of j**4/12 + j**3/6 + j**2. Suppose 6*m - l = 2*m - 8, -4*l + 16 = 0. Determine a(m).
-1
Let l be (-66)/(-10) - (-2)/5. Let z(g) = g**2 - 6*g - 2. Let o be z(l). Let a(u) = u**2 - 4*u - 5. Determine a(o).
0
Suppose -1 - 1 = -2*z. Let m(u) = z - 4 - 3*u + 3 + 2. What is m(2)?
-4
Suppose s - 10 = -s. Suppose s*b = 5 + 5. Let z(j) = b*j - 6*j**2 + j + 4 + 2*j**2 + j**3. Calculate z(3).
4
Let n(f) = -f**2 + 5*f - 3. Let i(t) be the second derivative of t**4/12 - 2*t**3/3 - t**2/2 + t. Suppose -1 = 2*q - 11. Let w be i(q). Give n(w).
1
Suppose -6 + 1 = q + 2*r, -4*q - 4*r = 0. Suppose 7*z - 2*z = 15. Suppose 2 + z = -q*x. Let d(n) = 7*n**2. Calculate d(x).
7
Let k(t) be the first derivative of t**4/4 + 4*t**3/3 - 3*t**2/2 + 7*t + 6. Calculate k(-5).
-3
Let o(s) = 8*s - 4. Let w be o